 Let w(v) = 14*v - 45. Let a be w(3). Give m(a).
0
Let v(f) = -f**3 - 2*f**2 - 2*f + 1. Suppose i - 1 = 3*l, -5*i - 4 = l + 7. Let b be -4 - -3*14/6. Let h be (-2*(b + i))/1. Determine v(h).
5
Suppose 3*t = 5*u - 5 - 17, 5*t = 2*u - 24. Suppose 0 = -3*v + 3*j + 3, -u*j - j = -v - 9. Let m(d) = d**3 - 5*d**2 - 4*d - 4. What is m(v)?
8
Let b(u) be the third derivative of u**4/24 - u**3/2 - 71*u**2. Suppose -6 = 2*o - 0*o. What is b(o)?
-6
Let x(o) = 35*o**2 + 27*o**2 + 29*o**2 - 82*o**2 + 1. Give x(1).
10
Let u(s) = 23*s - 14. Let f(y) = 14*y - 7. Let j(b) = -5*f(b) + 3*u(b). Give j(6).
-13
Let p be 36/234 - (-24)/13. Suppose -16*o = -15*o + p. Let k(w) = -w**3 + w**2 + 3*w + 3. What is k(o)?
9
Let n(d) = d**3 - 22*d**2 + 17*d + 90. Let j be n(21). Let y(f) = f**2 - 7*f + 8. Determine y(j).
2
Let m be 6/(-4) + (-18)/4. Let i(f) = -f**3 - 5*f**2 + 7*f - 7. Determine i(m).
-13
Let k = -210 + 232. Let y(n) = n - 17. Determine y(k).
5
Let a(i) be the third derivative of -i**5/60 - i**3/3 - 466*i**2. Determine a(3).
-11
Let x = 28 + -24. Suppose 8*a = 7*a. Let w(t) = -2 - 4*t + a + 7*t. Give w(x).
10
Let r(w) be the first derivative of -w**4/4 + 8*w**3/3 - 4*w**2 + 7*w + 240. What is r(7)?
0
Let p(b) be the second derivative of -11*b**3/6 + b**2/2 - 89*b. Give p(-1).
12
Let h be (8/(-4*1))/(2/5). Let d(k) = k**2 + 5*k - 3. Give d(h).
-3
Let z be 32/(-12)*(-6)/4. Let w(o) = -o**3 - 4*o**2 + 3*o + 1. Let m(r) = -2*r**3 - 4*r**2 + 2*r + 2. Let h(x) = -2*m(x) + 3*w(x). What is h(z)?
19
Let b = 22 + -22. Suppose -4*y + 2*m + 32 = b, -y = -6*y - 5*m + 10. Let z(k) = k**3 - 5*k**2 - 7*k + 5. Give z(y).
-1
Suppose -2*g = -c + 11, c - 5 = -0*g - g. Let d(z) = z - 6. Calculate d(c).
1
Let n(o) be the second derivative of o**5/60 - o**4/4 - 5*o**3/6 + 3*o**2 + 12*o. Let j(v) be the first derivative of n(v). Give j(4).
-13
Suppose f - 9 = 5*k, -2*k + 4*k - 14 = -4*f. Let u(r) = -2*r + f*r - 4 - 6. Determine u(7).
4
Let r(d) = -10*d - 55. Let o = 39 - 45. Let t be r(o). Let u(z) = 0*z - z + 4 + 8. Determine u(t).
7
Let c(s) be the first derivative of s**3/3 + 2*s**2 - 1. Suppose -3*t + 18 = 3*g, 2*g + 5*t - 6 = 6. Let d be (4/2 - g) + -1. What is c(d)?
5
Let z(h) = -2*h - 13. Suppose -7*q = -4*n - 6*q + 22, 11 = n - 3*q. Suppose 41 = -4*m + n. What is z(m)?
5
Let v(a) = 3*a + 5. Let m(p) = -p**2 + 9*p + 3. Let w be m(9). Let n be 5 - (3 - (-8)/(-4)). Let b(s) = -2*s - 4. Let g(r) = n*b(r) + w*v(r). Determine g(-5).
-6
Let l(j) be the third derivative of j**4/24 - 7*j**3/3 - 62*j**2 - 1. Give l(7).
-7
Let i(z) be the third derivative of -1/24*z**4 + 0 + 16*z**2 - 11/6*z**3 + 0*z. Calculate i(-5).
-6
Let i(o) = -o**3 + o**2 - 6. Let q(v) = -2*v - 12. Let z be q(-8). Suppose -z*g = 3*g. What is i(g)?
-6
Let v(i) be the second derivative of -21*i**5/20 + i**4/12 - i**3/6 - i**2/2 - 500*i. What is v(1)?
-22
Let v(q) be the first derivative of 3*q**2 - 5*q - 4/3*q**3 - 1/4*q**4 + 39. Calculate v(-6).
31
Let h(t) = -5*t**2 + t + 2. Suppose -7*r = 3*r + 60. Let x be (-6 + 7)/((r/(-4))/(-3)). What is h(x)?
-20
Suppose 5 = -c, 2*o - 32 = 4*c - 4. Suppose -4*i - 5*t = 23, i + 3*t - o = 5*t. Let a(y) = 6*y + 1. Give a(i).
-11
Let y(k) = 13909*k - 13908*k - k**2 - 23*k**3 + k**2 + 2*k**2. What is y(-1)?
24
Let k(p) = p + 15. Let y = 75 - 87. What is k(y)?
3
Let x(u) be the first derivative of -u**2/2 + 6*u - 64. What is x(0)?
6
Let s(x) = 2*x + 3. Let n = -92 + 90. Let c = 7 + n. Calculate s(c).
13
Let h = 11 - 3. Let t(m) = 15*m - m**2 + 20*m - 27*m + 2 - h. Give t(5).
9
Let r = -233 + 237. Let j(x) = x + 1. Let v(k) = 2*k + 1. Let t(b) = 3*j(b) - v(b). Determine t(r).
6
Let k(b) be the third derivative of b**6/120 - 2*b**5/15 - b**4/12 + 5*b**3/3 + 2*b**2 - 88. Determine k(8).
-6
Let z(t) = -t**3 - 11*t**2 - 6*t + 40. Let f be z(-10). Let x(u) = u**2 - u - 21. Determine x(f).
-21
Let g(p) = p**3 - 15*p**2 + 17*p - 7. Suppose -6*r - 55 = -139. Give g(r).
35
Let o(v) be the first derivative of v**4/4 + 5*v**3/3 + v**2 + 4*v + 1. Let i be 0*(-3)/(-12) + -14. Let g be 74/i + 24/84. Determine o(g).
-6
Let i(d) be the first derivative of d**6/360 - d**5/15 - 7*d**4/24 - 25*d**3/3 - 6. Let p(n) be the third derivative of i(n). What is p(7)?
-14
Let b = -9 + 11. Suppose 5*w - 5*y = 0, 0*y = -3*w - b*y + 5. Let r(d) = 38*d**2 + 0 - 43*d**2 - w + d**3 + 6*d. Determine r(4).
7
Let l(c) = -c**3 + 3*c**2 - 4. Let i(j) = -j**3 - 9*j**2 - 8*j + 4. Let b = 49 + -57. Let h be i(b). What is l(h)?
-20
Let t(x) = -x - 16. Let y be 136/(-14) + (-52)/182. What is t(y)?
-6
Let u(v) = -v - 7. Suppose 78 + 157 = -47*i. Calculate u(i).
-2
Let f(r) = 4*r**2 + 6*r - 1. Let a(t) = 3*t**2 + 6*t - 1. Suppose 2*z - 20 = -3*z. Suppose 5*u + z + 11 = 0. Let x(q) = u*a(q) + 2*f(q). Calculate x(-6).
1
Let s(t) = t**3 + 4*t**2 + t - 1. Let k(m) = -5*m**3 - 37*m**2 - 20*m - 6. Let r(n) = k(n) + 6*s(n). What is r(14)?
-12
Let f(n) = -n**2 - 11*n. Let w be f(-3). Suppose -7*j = j - w. Let c(u) = 5*u - 2. Let p(l) = -10*l + 4. Let a(x) = 9*c(x) + 4*p(x). Determine a(j).
13
Let x(g) = -g**2 + 2*g. Suppose 0*v - 3 = -v. Let k be x(v). Let m(j) be the second derivative of -j**3/3 - 2*j**2 - 44*j. What is m(k)?
2
Let u(k) = -2*k. Let q(g) = 3*g + 1. Let n(h) = 4*q(h) + 5*u(h). Let w(i) = 6*i + 11. Let m(y) = -8*n(y) + 3*w(y). What is m(-3)?
-5
Let k(g) = -6*g + 14*g - 3 - 19*g. Give k(-2).
19
Let x(m) = 7*m - 18 - 5 - 22*m + 16*m. Calculate x(10).
-13
Let r(q) = q**2 - 8*q**2 + 519*q**3 - 7 - q + q**2 - 520*q**3 + 1. What is r(-6)?
0
Suppose 31*d + 81 = -12. Let r(f) = 6*f - 3*f - 3*f**2 - 4*f - f**3. Determine r(d).
3
Let g(h) be the first derivative of -h - 4 + 2*h**2 - 1/4*h**4 + 2/3*h**3. Determine g(3).
2
Suppose 284*o - 64 = 292*o. Let t(a) = a**2 + 10*a. Determine t(o).
-16
Let l = -16 - -5. Let o be -2 + (-2 - l - 2). Let j(g) = -2*g**2 - 8*g - 1. Let h(w) = -w**2 - w + 1. Let z(c) = -3*h(c) + j(c). What is z(o)?
-4
Let u be -2 + 24/(-6) + 1. Let b(t) = t**3 + 5*t**2 + t + 9. Give b(u).
4
Let z(i) = -1. Let k(u) = 5 - u - 2 + 9. Suppose 27*j + 63 = -72. Let g(x) = j*z(x) - k(x). Calculate g(9).
2
Let v(l) = -3*l**2 - 3*l + 2. Let z = -34 - -39. Let r(a) = -4*a + 22. Let i be r(z). Determine v(i).
-16
Let y(k) = -8. Let n(j) = -j + 20. Let p(t) = -2*n(t) - 6*y(t). Determine p(-11).
-14
Suppose 3*t + 204 = 4*o + 175, 0 = -t + 1. Let u(a) = 4*a**2 - 11*a - 5. Let h(s) = -5*s**2 + 12*s + 6. Let i(p) = 3*h(p) + 4*u(p). Give i(o).
-2
Let d(c) = c**3 - 12*c**2 + 10*c + 9. Let x(z) = 3*z - 7. Let n be x(6). Let t be d(n). Let w be 0 + (-1 - t) + 0. Let q(p) = -8*p**2. Calculate q(w).
-8
Let o(g) = -g**2 + 6*g + 19. Let m = -701 + 709. What is o(m)?
3
Let u be (-51)/(-51)*4*-1. Let w(a) = 8*a + 1. Calculate w(u).
-31
Suppose -6*p + 13*p + 7 = 0. Let n(s) = -s**2 + 8*s + 13. Let d(r) = 1. Let l(j) = p*n(j) + 3*d(j). Give l(7).
-17
Let a(s) = 3*s + 0 + 1 - s. Let b(w) = 7*w**3 + w - 2. Let m be b(1). Suppose m*d = 2*j + 3*d + 6, -5*d + 6 = -2*j. What is a(j)?
-5
Let v = -845 - -848. Let f(u) be the first derivative of -1/4*u**4 - 1/2*u**2 + 5/3*u**v - 3*u + 10. Determine f(4).
9
Let l = 437 + -432. Let t(q) = -q**2 + 2*q + 1. Give t(l).
-14
Suppose 4*d + 50*y = 45*y + 3, d + 13 = -4*y. Let f(t) be the third derivative of -t**5/60 + t**4/3 + 2*t**3/3 + t**2. Calculate f(d).
11
Let q = 2158 + -2163. Let r = 7 + -4. Let v(w) = -w - w + 4 - w**2 - r*w. What is v(q)?
4
Let z = -1935 - -1928. Let m(b) = -2*b**2 - 8*b - 6. Give m(z).
-48
Suppose k = -4*n + n + 7, 0 = -3*n + 9. Let h be (3/k)/3*-8. Let c(y) = -37*y + 2 + 70*y - 35*y. Determine c(h).
-6
Let v(y) = 2*y**2 + 8*y + 3. Let w be v(-4). Let h(j) = -j**3 - 8 + 12*j + 7*j**2 - 2 + 2 + w*j**2. Give h(11).
3
Let w(b) = -9*b + 3*b**2 - 2*b**2 - 3 - 2*b**2. Suppose 0 = -47*v - 509 + 133. What is w(v)?
5
Let i(p) = p**2 + 3*p + 2. Let d be i(-3). Suppose 2*o + 16 = r, -26 = -4*r + d*r + 2*o. Suppose -r = -3*k - 2*k. Let g(c) = -3*c + 3. Calculate g(k).
-3
Let q(f) be the third derivative of -f**5/30 - 35*f**4/24 + 13*f**3/6 - f**2 + 15. What is q(-18)?
-5
Let k be (6/4)/(4/16). Let j(o) = o**2 - 7*o - 5. Give j(k).
-11
Let h(n) = 5 + n**3 + 22*n + 7*n**2 - 3*n - 1 - 5*n - 6*n. Determine h(-6).
-8
Let v(l) = -l**3 - 7*l**2 - 3*l + 19. Let a be v(-6). Let k = 1 + 3. Let g(